110 + -2021?
-2201
In base 6, what is -5 - -5543?
5534
In base 11, what is 14096 + -2?
14094
In base 5, what is -10 - 113203?
-113213
In base 9, what is 3 + 143?
146
In base 9, what is -2 - -12?
10
In base 8, what is -53607 + 2?
-53605
In base 14, what is 144 + 2?
146
In base 11, what is -22 - 2?
-24
In base 4, what is 0 - -1330?
1330
In base 5, what is 43 - 1303?
-1210
In base 4, what is -11 + -1101?
-1112
In base 6, what is -22 - 11?
-33
In base 14, what is -1121 + 4?
-111b
In base 16, what is 16 + 1?
17
In base 7, what is 331 - -4?
335
In base 16, what is 6 - -3?
9
In base 3, what is -21011022 - -2?
-21011020
In base 4, what is 2120 - -2?
2122
In base 8, what is 1067 - -5?
1074
In base 9, what is 306 + 4?
311
In base 4, what is 23 + 132?
221
In base 14, what is -173 - 2a?
-19d
In base 13, what is 6c - 1c?
50
In base 10, what is -695 + -5?
-700
In base 16, what is -511 + 0?
-511
In base 4, what is -11 - 32?
-103
In base 7, what is -55 + 4?
-51
In base 10, what is 2 + 45?
47
In base 13, what is -3985 + 3?
-3982
In base 16, what is 12 - -5?
17
In base 14, what is 2 + 158?
15a
In base 8, what is -12133 - 5?
-12140
In base 13, what is 5b01 + 5?
5b06
In base 12, what is -7a7 - -1?
-7a6
In base 8, what is -2 + -125?
-127
In base 2, what is -1 - 11100010?
-11100011
In base 2, what is -11 + 111011010?
111010111
In base 2, what is -10100100000 + 1?
-10100011111
In base 5, what is 143 + 0?
143
In base 10, what is -97 + -4?
-101
In base 14, what is a2 + -1b?
85
In base 2, what is 10 + -10100111?
-10100101
In base 14, what is -163c + -7?
-1645
In base 15, what is 20a + 8?
213
In base 13, what is -2 - -1?
-1
In base 8, what is -736 - -3?
-733
In base 8, what is -5 + 164?
157
In base 8, what is 2207 + 3?
2212
In base 2, what is 110110011101 - -1?
110110011110
In base 7, what is -51 - -2026?
1645
In base 6, what is -5 - -150?
141
In base 6, what is 24404 + -1?
24403
In base 2, what is -10011001 - -100100?
-1110101
In base 2, what is 111001010101 - -11?
111001011000
In base 16, what is 4 - 4f?
-4b
In base 15, what is 25 + 3b?
61
In base 15, what is 4 + -28?
-24
In base 15, what is 1079 - 0?
1079
In base 16, what is 2 - -38?
3a
In base 6, what is -4 - 50?
-54
In base 7, what is 454 + -4?
450
In base 12, what is -b2 + 6?
-a8
In base 15, what is 3 + d?
11
In base 8, what is -25 + 114?
67
In base 15, what is 3aa - 3?
3a7
In base 12, what is 16 - -42?
58
In base 3, what is -11 + -122?
-210
In base 4, what is 100020 - -1?
100021
In base 14, what is 31 + 9?
3a
In base 5, what is 143002 + 1?
143003
In base 9, what is 50 - 22?
27
In base 8, what is 0 + 251?
251
In base 10, what is 968 + 9?
977
In base 9, what is 2 - -562?
564
In base 7, what is 1 + 142?
143
In base 15, what is -4 - d?
-12
In base 4, what is 30302 + -31?
30211
In base 16, what is 6e - 41?
2d
In base 3, what is -22 - 102?
-201
In base 2, what is 10101100100 + -11?
10101100001
In base 9, what is -2 + -2?
-4
In base 13, what is 0 - 19a?
-19a
In base 13, what is -1 + c5?
c4
In base 10, what is 48 + -20?
28
In base 12, what is 2 + -29?
-27
In base 8, what is 22 - 477?
-455
In base 4, what is -1211 + 22?
-1123
In base 15, what is -9 - -53?
49
In base 5, what is -443 - 10?
-1003
In base 12, what is 211 + 1b?
230
In base 9, what is 66 + -4?
62
In base 9, what is -52 + 35?
-16
In base 14, what is 16 - -9?
21
In base 8, what is 16 - -103?
121
In base 12, what is 0 - -24?
24
In base 9, what is -257 - -7?
-250
In base 12, what is -1 + 16b?
16a
In base 8, what is -5146 + -16?
-5164
In base 11, what is -28 + -5?
-32
In base 11, what is -878 + 2?
-876
In base 11, what is 0 - 22?
-22
In base 12, what is -9332 + 3?
-932b
In base 12, what is -2 - -11?
b
In base 4, what is 32 - 102201?
-102103
In base 15, what is -2 - -20?
1d
In base 8, what is 1 + 2747?
2750
In base 7, what is 152 + -14?
135
In base 13, what is -7 - -19b?
194
In base 14, what is 74 + -33?
41
In base 3, what is -1 - -1220?
1212
In base 4, what is 3100 - 11?
3023
In base 11, what is 23 + -7?
17
In base 5, what is -4223 + -102?
-4330
In base 9, what is -8875 - -1?
-8874
In base 5, what is -11040 - 10?
-11100
In base 11, what is a039 - 1?
a038
In base 15, what is 0 + 3a?
3a
In base 14, what is 3bc2 + -3?
3bbd
In base 4, what is -1 + -20001?
-20002
In base 6, what is 25 - 3?
22
In base 3, what is -121002 - 12?
-121021
In base 15, what is b + -7b?
-70
In base 15, what is -6 - -5?
-1
In base 11, what is 28 - 2?
26
In base 6, what is 0 + 41220?
41220
In base 3, what is 21 + 200?
221
In base 11, what is 285 - -5?
28a
In base 3, what is 21 + -1011?
-220
In base 7, what is 2164 - -1?
2165
In base 8, what is -2 - -36?
34
In base 11, what is 75 + -5?
70
In base 15, what is 1 + 62?
63
In base 5, what is 1 + -10331?
-10330
In base 14, what is 4 + 106?
10a
In base 4, what is -112 - 103?
-221
In base 4, what is 201303 + 11?
201320
In base 11, what is -62 + 5?
-58
In base 15, what is -4 + 5a?
56
In base 13, what is -67b - -5?
-676
In base 6, what is -152 - -5?
-143
In base 6, what is -5000 + 4?
-4552
In base 2, what is -1010100010110 - -10?
-1010100010100
In base 2, what is -11 + 11100?
11001
In base 4, what is 2 - 23120?
-23112
In base 12, what is -5 + 38?
33
In base 6, what is -405 + 3?
-402
In base 7, what is 1 - -424?
425
In base 12, what is -13 - 80?
-93
In base 4, what is 20 - -11?
31
In base 9, what is -232 - 4?
-236
In base 8, what is 5475 + 0?
5475
In base 10, what is -4 + -218?
-222
In base 10, what is -10448 + -4?
-10452
In base 7, what is 546 - 5?
541
In base 7, what is 200 + 4?
204
In base 6, what is 10431 + -11?
10420
In base 10, what is 5 - -18?
23
In base 9, what is 3300 + 0?
3300
In base 6, what is 3 - 153?
-150
In base 16, what is 1a - 3?
17
In base 2, what is -1 + 10001111011?
10001111010
In base 16, what is 51 - 1?
50
In base 3, what is 20221 + 20?
21011
In base 3, what is 10 - 1102?
-1022
In base 11, what is -3 + -241?
-244
In base 14, what is 169 - -4?
16d
In base 7, what is -4253 - -2?
-4251
In base 9, what is -22 - 22?
-44
In base 6, what is -2135 - 2?
-2141
In base 2, what is 101 - -111000?
111101
In base 8, what is -3 - 1322?
-1325
In base 15, what is -8 - -646?
63d
In base 10, what is -27 + 88?
61
In base 4, what is -100 - -320?
220
In base 4, what is -111032 + 1?
-111031
In base 9, what is 14 - -5?
20
In base 7, what is 51 - -2?
53
In base 13, what is 8 + 12?
1a
In base 8, what is 27076 + -2?
27074
In base 7, what is 32 + 1?
33
In base 12, what is -5 - -27a?
275
In base 14, what is -87 - 12a?
-1b3
In base 5, what is 4430 - 43?
4332
In base 4, what is -20222 + 11?
-20211
In base 14, what is 6b + -41?
2a
In base 15, what is 3 + -6c?
-69
In base 16, what is -21 + -3?
-24
In base 12, what is -2 + 47?
45
In base 13, what is -5 + -3?
-8
In base 5, what is 10 + -10341?
-10331
In base 11, what is -184 + 3?
-181
In base 16, what is 10f6 + -5?
10f1
In base 3, what is -1 + 111022101?
111022100
In base 16, what is 187 + 0?
187
In base 14, what is 1 + 1ba?
1bb
In base 10, what is -8871 + -1?
-8872
In base 6, what is 3 - 13523?
-13520
In base 9, what is 1350 - 3?
1346
In base 9, what is -346 - -2?
-344
In base 14, what is -20 - 141?
-161
In base 2, what is 11100011 + -1010000?
10010011
In base 10, what is -3 - -14?
11
In base 16, what is 17 + 5?
1c
In base 7, what is -14 + -34?
-51
In base 14, what is -145 + -4?
-149
In base 10, what is 2 - 5998?
-5996
In base 4, what is 211213 + 20?
211233
In base 11, what is -4 - -198?
194
In base 5, what is 10 - 2331?
-2321
In base 14, what is -2 - -44?
42
In base 13, what is -23 - -107?
b4
In base 5, what is 3 - -33?
41
In base 3, what is -10010 + -210?
-10220
In base 4, what is 21001 - -2?
21003
In base 7, what is -45 + -2035?
-2113
In base 7, what is -1 + -465?
-466
In base 13, what is -a86 + -2?
-a88
In base 4, what is -202 - -11?
-131
In base 9, what is -18 + 2148?
2130
In base 11, what is -11a - 0?
-11a
In base 6, what is -24 - 15?
-43
In base 8, what is -273 + 17?
-254
In base 3, what is -20002212 + 12?
-20002200
In base 16, what is 4 + -20?
-1c
In base 5, what is 210 + -3?
202
In base 5, what is 2144 - 10?
2134
In base 14, what is 23 - 15b?
-138
In base 13, what is -12c + -4?
-133
In base 7, what is -5 + 212?
204
In base 6, what is 11022 - -3?
11025
In base 7, what is 21 - -5?
26
In base 7, what is 5 + 155